431 composite?
True
Is 13746062507 a prime number?
False
Is 21135180091 a prime number?
True
Is 1452717061 composite?
False
Is 15500011283 prime?
False
Is 4245439161 a prime number?
False
Is 1950656131 prime?
False
Is 1797245663 composite?
True
Is 5615195867 a prime number?
True
Is 1635997417 prime?
True
Is 65365631 a composite number?
False
Is 1273676207 composite?
True
Is 4183767571 prime?
True
Is 41278820117 a composite number?
True
Is 5038860767 a composite number?
False
Is 656283149 composite?
True
Is 4906717037 a prime number?
True
Is 11414455721 a prime number?
True
Is 5166193511 composite?
False
Is 737748083 a composite number?
False
Is 8045903867 a composite number?
False
Is 1087964133 composite?
True
Is 5756392577 a composite number?
True
Is 42086345689 a composite number?
True
Is 793932221 a prime number?
True
Is 1978327469 a prime number?
True
Is 1063580341 composite?
True
Is 997399093 a composite number?
True
Is 65776817 a composite number?
False
Is 969988919 prime?
False
Is 933734647 a composite number?
False
Is 3676816951 a composite number?
False
Is 6968503183 a prime number?
False
Is 14539329587 composite?
True
Is 82974209959 a prime number?
True
Is 288514207 a composite number?
False
Is 5302703387 prime?
True
Is 2776292267 composite?
True
Is 18874531957 composite?
False
Is 6962527229 prime?
False
Is 2468588501 prime?
True
Is 6628977577 composite?
False
Is 4511080907 prime?
True
Is 3317420603 prime?
False
Is 3085193791 a prime number?
True
Is 2333406311 prime?
False
Is 34747369483 a prime number?
True
Is 30361293881 composite?
False
Is 574350433 composite?
False
Is 1867511143 prime?
True
Is 457180751 a composite number?
False
Is 1563682973 a composite number?
True
Is 60298289 prime?
True
Is 41870156267 a prime number?
False
Is 5067894877 composite?
True
Is 18191884735 prime?
False
Is 518420119 a composite number?
True
Is 11876449631 prime?
True
Is 11028676919 a composite number?
True
Is 1425667301 prime?
True
Is 6677311601 prime?
True
Is 1048051679 a composite number?
False
Is 43476768211 composite?
False
Is 5821637 a composite number?
False
Is 17672881 a composite number?
True
Is 17300308715 composite?
True
Is 1072103603 prime?
True
Is 1494684161 composite?
False
Is 29120859893 a prime number?
True
Is 5998250303 a composite number?
False
Is 12836419229 prime?
True
Is 1833517369 composite?
False
Is 9848420743 prime?
False
Is 214403027 composite?
True
Is 258600787 a composite number?
True
Is 11597207969 composite?
False
Is 25940341607 prime?
True
Is 839877937 a composite number?
True
Is 20593593493 a composite number?
True
Is 9231755809 composite?
False
Is 17084812177 prime?
True
Is 3623654147 composite?
True
Is 2791244261 a prime number?
False
Is 210930326561 a composite number?
False
Is 26227271321 composite?
False
Is 29900041 prime?
False
Is 86329652551 a prime number?
True
Is 32635086053 composite?
True
Is 27830927759 composite?
True
Is 1792839203 composite?
True
Is 1472444053 a prime number?
True
Is 260791249 a composite number?
False
Is 49268684507 a composite number?
True
Is 2250580151 a composite number?
False
Is 19977563597 a prime number?
False
Is 32537361169 a prime number?
True
Is 679168849 composite?
True
Is 2234055797 a prime number?
True
Is 14957413 a prime number?
True
Is 67865724109 prime?
True
Is 293453243 a composite number?
False
Is 152912906 a composite number?
True
Is 2622758669 prime?
False
Is 60085145947 a prime number?
False
Is 3018477689 a prime number?
True
Is 431249309 a prime number?
True
Is 72228862315 composite?
True
Is 194539945079 prime?
True
Is 90815518369 prime?
False
Is 5167666697 prime?
True
Is 35230233979 prime?
False
Is 15469358101 a composite number?
True
Is 3135944197 composite?
False
Is 25460428883 a composite number?
False
Is 1460315105 prime?
False
Is 28617397373 a prime number?
True
Is 1525687901 prime?
True
Is 705033611 composite?
True
Is 6183363181 prime?
True
Is 52007936539 a composite number?
True
Is 2756629493 composite?
False
Is 26327149867 composite?
True
Is 7382981273 composite?
True
Is 1497378829 a prime number?
False
Is 636657859 a composite number?
True
Is 1135916099 prime?
False
Is 127780379 composite?
True
Is 1394986661 prime?
False
Is 821381311 a prime number?
False
Is 53974232983 prime?
False
Is 1273169851 composite?
False
Is 714414377 prime?
True
Is 54455578969 a composite number?
True
Is 2973200843 a composite number?
True
Is 166665311 a prime number?
False
Is 81313223 a composite number?
True
Is 43244575169 prime?
True
Is 66572111 a composite number?
False
Is 56855393531 a prime number?
True
Is 5468923753 composite?
False
Is 192579883 prime?
False
Is 560050177 a prime number?
False
Is 2404578331 a composite number?
True
Is 324114983 composite?
False
Is 8534474349 composite?
True
Is 2885780927 prime?
True
Is 81891172229 prime?
False
Is 73643410345 composite?
True
Is 11615969467 a composite number?
False
Is 63787797217 a composite number?
False
Is 4489084511 a composite number?
False
Is 1928961803 prime?
False
Is 150308988451 composite?
True
Is 6088058297 a composite number?
True
Is 2576839777 composite?
False
Is 24861968017 prime?
True
Is 41319727993 a composite number?
False
Is 3095726003 prime?
False
Is 45956247287 a composite number?
False
Is 492268171 a prime number?
False
Is 10440019054 a composite number?
True
Is 801737351 prime?
False
Is 11622352327 a composite number?
False
Is 50316872533 a prime number?
True
Is 218337719 a prime number?
True
Is 1256708407 composite?
False
Is 1586238611 a composite number?
True
Is 39136963741 a composite number?
True
Is 51716597539 prime?
True
Is 17857496165 a prime number?
False
Is 2661626867 prime?
True
Is 251569165 composite?
True
Is 502815289 a prime number?
True
Is 30827293531 a composite number?
False
Is 303367169011 a prime number?
False
Is 1026594479 composite?
True
Is 9618821479 a composite number?
True
Is 13764906661 a composite number?
True
Is 9414544103 a prime number?
False
Is 480679343 composite?
False
Is 2486638733 composite?
False
Is 65253780637 composite?
False
Is 1005844387 composite?
True
Is 169333341767 a prime number?
True
Is 3170915101 composite?
True
Is 16236991 a composite number?
True
Is 3340028807 composite?
False
Is 393745397 a prime number?
False
Is 269617085 a composite number?
True
Is 1262575877 composite?
True
Is 9787357709 composite?
False
Is 1947419711 prime?
False
Is 36139811 a prime number?
True
Is 3604633031 prime?
False
Is 10040014163 a composite number?
True
Is 41341194187 composite?
True
Is 17099911979 a prime number?
True
Is 346392271 a composite number?
False
Is 8672717993 a composite number?
True
Is 96200844249 a composite number?
True
Is 15174024841 composite?
True
Is 42792265741 prime?
False
Is 3073183769 a composite number?
True
Is 13840513507 composite?
False
Is 40413635701 a composite number?
False
Is 16559858449 a prime number?
False
Is 61435862729 composite?
False
Is 1385585609 a composite number?
False
Is 1206372631 a composite number?
True
Is 30945041222 composite?
True
Is 99199909 prime?
True
Is 70006313261 prime?
True
Is 26286617915 a prime number?
False
Is 304187287 prime?
False
Is 39784163513 composite?
False
Is 20280763045 a prime number?
False
Is 169469849 prime?
True
Is 5659738521 composite?
True
Is 2252534573 a prime number?
False
Is 128333460334 a composite number?
True
Is 3010403689 a composite number?
True
Is 1501507837 composite?
True
Is 2254053799 a composite number?
False
Is 9924061009 a composite number?
False
Is 1291214347 a prime number?
False
Is 89421656411 a composite number?
True
Is 553278997 a prime number?
True
Is 437385821 prime?
False
Is 12195777581 a composite number?
True
Is 13769310029 prime?
True
Is 5479997521 a prime number?
True
Is 55908779741 a composite number?
False
Is 924638063 a prime number?
True
Is 8346112963 a prime number?
True
Is 5161045255 prime?
False
Is 1946909491 a prime number?
False
Is 10117034359 composite?
False
Is 26798963 a prime number?
True
Is 10997008247 composite?
False
Is 4334447669 a composite number?
False
Is 4314299351 a composite number?
False
Is 47665712861 composite?
True
Is 5979921127 a composite number?
False
Is 3882823051 a composite number?
False
Is 12205394697 prime?
False
Is 1642020049 prime?
False
Is 894